15270 is divided by 34181?
12
What is the remainder when 11977306 is divided by 5988648?
10
What is the remainder when 100746 is divided by 97611?
3135
What is the remainder when 216753 is divided by 1831?
695
Calculate the remainder when 14637192 is divided by 925.
917
What is the remainder when 13919777 is divided by 72?
17
What is the remainder when 460608 is divided by 2399?
0
Calculate the remainder when 2101881 is divided by 700623.
12
Calculate the remainder when 34018494 is divided by 30.
24
What is the remainder when 68618247 is divided by 25?
22
Calculate the remainder when 4277381 is divided by 99.
86
Calculate the remainder when 26560 is divided by 12142.
2276
Calculate the remainder when 1504451 is divided by 501110.
1121
Calculate the remainder when 3251675 is divided by 66360.
35
Calculate the remainder when 1340253 is divided by 11358.
9
Calculate the remainder when 44956 is divided by 44594.
362
What is the remainder when 3422946 is divided by 11722?
122
What is the remainder when 24598 is divided by 4871?
243
What is the remainder when 4967 is divided by 30?
17
What is the remainder when 4700634 is divided by 940119?
39
Calculate the remainder when 3673945 is divided by 1720.
25
Calculate the remainder when 137922 is divided by 3632.
3538
What is the remainder when 17300 is divided by 1270?
790
Calculate the remainder when 5559338 is divided by 830.
828
Calculate the remainder when 51426 is divided by 2196.
918
Calculate the remainder when 85009237 is divided by 9312.
9301
What is the remainder when 508579002 is divided by 34?
32
Calculate the remainder when 9632193 is divided by 252.
249
What is the remainder when 57554 is divided by 2269?
829
Calculate the remainder when 262250 is divided by 255892.
6358
Calculate the remainder when 74876468 is divided by 51.
2
What is the remainder when 3366132 is divided by 57?
54
Calculate the remainder when 863322 is divided by 602.
54
Calculate the remainder when 3883666 is divided by 1941819.
28
Calculate the remainder when 318988 is divided by 13747.
2807
What is the remainder when 1061636 is divided by 25791?
4205
What is the remainder when 8897 is divided by 2362?
1811
Calculate the remainder when 150195 is divided by 4963.
1305
What is the remainder when 446620 is divided by 1248?
1084
Calculate the remainder when 1461506 is divided by 112267.
2035
Calculate the remainder when 29524128 is divided by 531.
528
What is the remainder when 779801 is divided by 5270?
5111
What is the remainder when 82323 is divided by 1266?
33
What is the remainder when 549786 is divided by 4658?
142
Calculate the remainder when 787400 is divided by 16753.
9
What is the remainder when 2419460 is divided by 12113?
8973
Calculate the remainder when 431699 is divided by 206.
129
What is the remainder when 25099979 is divided by 12549978?
23
What is the remainder when 193570941 is divided by 707?
704
Calculate the remainder when 65694 is divided by 9198.
1308
What is the remainder when 1779507 is divided by 1341?
0
What is the remainder when 527029 is divided by 125?
29
What is the remainder when 479671 is divided by 6953?
6867
What is the remainder when 55454226 is divided by 1026930?
6
What is the remainder when 21682155 is divided by 1125?
30
Calculate the remainder when 11889857 is divided by 10597.
23
Calculate the remainder when 1761912 is divided by 8810.
8722
What is the remainder when 573505 is divided by 89?
78
Calculate the remainder when 260737 is divided by 90.
7
Calculate the remainder when 955571 is divided by 188.
155
What is the remainder when 329897 is divided by 367?
331
What is the remainder when 6878204 is divided by 12?
8
What is the remainder when 690692274 is divided by 1805?
1804
What is the remainder when 14704160 is divided by 2940826?
30
What is the remainder when 13602284 is divided by 130?
124
What is the remainder when 5400477 is divided by 2700237?
3
Calculate the remainder when 6515387 is divided by 295.
17
Calculate the remainder when 10794 is divided by 843.
678
Calculate the remainder when 617873 is divided by 786.
77
Calculate the remainder when 6516 is divided by 4214.
2302
Calculate the remainder when 1616402 is divided by 1804.
18
Calculate the remainder when 127696 is divided by 288.
112
Calculate the remainder when 37540 is divided by 9031.
1416
Calculate the remainder when 30155 is divided by 311.
299
What is the remainder when 2366801 is divided by 44?
41
What is the remainder when 94710554 is divided by 3296?
3290
What is the remainder when 204854113 is divided by 21?
16
What is the remainder when 45279622 is divided by 11319903?
10
Calculate the remainder when 68749 is divided by 2393.
1745
Calculate the remainder when 26492 is divided by 1537.
363
What is the remainder when 58612 is divided by 51330?
7282
What is the remainder when 296336966 is divided by 3929?
3928
Calculate the remainder when 9557227 is divided by 1763.
4
Calculate the remainder when 1286959 is divided by 53621.
55
What is the remainder when 1692938 is divided by 33?
5
What is the remainder when 2045808 is divided by 546?
492
What is the remainder when 6142146 is divided by 70?
66
What is the remainder when 2309607 is divided by 8?
7
What is the remainder when 45096296 is divided by 1068?
1064
What is the remainder when 62775996 is divided by 117?
114
Calculate the remainder when 414822 is divided by 159.
150
What is the remainder when 1172274 is divided by 1171792?
482
Calculate the remainder when 294193 is divided by 267.
226
Calculate the remainder when 51733978 is divided by 90.
88
Calculate the remainder when 27775382 is divided by 90.
32
Calculate the remainder when 696901 is divided by 23227.
91
Calculate the remainder when 6819 is divided by 2838.
1143
What is the remainder when 8965235 is divided by 10867?
10827
Calculate the remainder when 136948 is divided by 45595.
163
What is the remainder when 26124866 is divided by 1246?
1230
What is the remainder when 2842668 is divided by 42?
24
What is the remainder when 4684760 is divided by 1594?
1588
What is the remainder when 26163545 is divided by 3737649?
2
What is the remainder when 4774537 is divided by 1413?
10
What is the remainder when 2184700 is divided by 90?
40
What is the remainder when 1249984 is divided by 22?
10
What is the remainder when 7844720 is divided by 3952?
0
What is the remainder when 729548014 is divided by 6576?
6574
Calculate the remainder when 337192 is divided by 81.
70
Calculate the remainder when 6077061 is divided by 4307.
4191
Calculate the remainder when 240504 is divided by 806.
316
Calculate the remainder when 940776 is divided by 55300.
676
What is the remainder when 515879 is divided by 8732?
691
Calculate the remainder when 193081 is divided by 138.
19
What is the remainder when 1150917 is divided by 287699?
121
Calculate the remainder when 94809582 is divided by 94809568.
14
What is the remainder when 15928095 is divided by 356?
299
Calculate the remainder when 97900349 is divided by 1888.
1885
Calculate the remainder when 11161035 is divided by 11.
6
Calculate the remainder when 7527418 is divided by 90.
88
What is the remainder when 1874753 is divided by 355?
353
What is the remainder when 447453 is divided by 741?
630
Calculate the remainder when 120920518 is divided by 30.
28
Calculate the remainder when 12536500 is divided by 49.
46
What is the remainder when 707522 is divided by 5164?
54
What is the remainder when 19046192 is divided by 451?
11
Calculate the remainder when 47813949 is divided by 524.
521
Calculate the remainder when 5079928 is divided by 1269976.
24
What is the remainder when 34734080 is divided by 17367023?
34
Calculate the remainder when 23127752 is divided by 4559.
4504
Calculate the remainder when 14733842 is divided by 3683457.
14
What is the remainder when 4351630 is divided by 155414?
38
What is the remainder when 15774663 is divided by 9?
3
What is the remainder when 95285 is divided by 1380?
65
What is the remainder when 1915880 is divided by 239485?
0
Calculate the remainder when 1910332 is divided by 168.
4
What is the remainder when 19480 is divided by 9184?
1112
What is the remainder when 1142244 is divided by 269?
70
What is the remainder when 673118 is div